 (57 - -35 - 60)?
-18
Evaluate 61 - 94 - -43 - -68.
78
Calculate -33 + -20 + 30 + 12 + 20.
9
52 - 38 - (63 + 35)
-84
What is the value of (-3 - -2 - (-79 - (-68 + -20))) + -43 + 0?
-53
Evaluate (-1 - -1) + (12 - 77 - -13) + -2 + 5.
-49
Evaluate 11 + -68 + (-15 - -37).
-35
-22 + (58 - 37) - -45
44
51 - 36 - (3 - (7 - 14))
5
What is -20 + (-19 - ((-23 - 15) + -3))?
2
What is (-4 - 21) + (-5 - 14 - -55)?
11
What is (-123 - (-13 - (6 + -1 - 2))) + 11?
-96
What is the value of -1 - (12 + -11) - (-56 + (-16 - 5))?
75
What is the value of 32 + (-37 - 11) - (-7 - -2)?
-11
Calculate 29 + 11 + -42 + (-2 - (-1 + 5)).
-8
Calculate -4 + 4 + (18 - -32) - (9 + -6).
47
(37 - (0 + 10 + (-16 - -3))) + 15
55
What is (58 - -2) + (229 - 302)?
-13
Evaluate 3 + (0 - 1) - (15 + (11 + -15 - 9)).
0
Calculate -29 - 18 - (-3 - (0 + 6)).
-38
(47 - 39) + -37 + -1
-30
-1 + (156 - 162 - (37 - 3))
-41
-40 - (105 - 60 - 171)
86
Evaluate (-21 - (-8 - 37)) + 109 - (5 - -3).
125
4 + -44 - (10 - 16 - -10)
-44
What is the value of 12 + (33 - (88 - 25))?
-18
What is the value of 3 - (-2 - -41) - (-80 + 64)?
-20
7 - (-14 - (-11 + -15 + 28 + -21))
2
What is the value of 3 + -2 + 2 + (4 - 24) + (39 - 34)?
-12
What is the value of -31 - (2 + -67) - -32?
66
What is the value of ((-25 - -33) + (-1 - 6) - 6) + 0?
-5
What is (-97 - 4) + 92 + 1 + -106?
-114
Evaluate 1042 + -947 - (0 - -41).
54
30018 + -30014 - (0 - (1 + 34))
39
Evaluate -24 + -37 + 54 - 34.
-41
Calculate 10 + 0 + (-1 + -25 - (370 - 395)).
9
What is the value of (-17 + 29 - (3 + 0)) + (-27 - -37 - 22)?
-3
(33 - -1) + (-2 - (-24 + 4 + 16))
36
Evaluate -71 - (61 + -58 + (-1 - 0)).
-73
2 + -2 - -9 - ((-75 - 13) + 70)
27
What is -14 + 8 + 12 - ((5 - -3) + -6 - -2)?
2
What is -11 + -25 + 13 - (61 - 33)?
-51
What is the value of -63 - (-18 + 11 + (-4 - 9))?
-43
(12 - (16 + (3 - 1))) + (-5 - 5) + 107
91
-681 - -684 - (29 + -1)
-25
What is -42 - ((-88 - -99 - (0 + 11)) + -6 - -3)?
-39
Evaluate 29 + (-101 - -38 - -108).
74
-17 - (-22 + (-2 - (-8 - 4))) - -33
28
What is -59 - (38 + -45 + (-24 - -49))?
-77
(-10 - (8 - -7)) + (3 + (-10 - -7) - -5)
-20
Calculate -11 + -2 + 22 + -16 + 26.
19
Calculate 47 - 52 - (-9 - -2) - 9.
-7
What is the value of (5 - 35) + 33 - (61 + -8)?
-50
What is the value of 2 - 19 - (8 + -17 - -7 - (23 - 34))?
-26
What is -3 + -56 + (258 - 239) + 0 + (-1 - -1)?
-40
100 + 17 + -28 - 45
44
What is -28 + 2 + 0 + 103 + (-74 - 37)?
-34
What is -1 + 22 - 39 - (-37 - 13 - 17)?
49
Evaluate (4 - (0 - 49)) + (-25 - -15).
43
What is the value of 1307 + -1378 + 152 + -3?
78
Calculate 25 + (-31 - -2) + (-4 - -16) + 46.
54
2 - 26 - (660 - 628)
-56
43 + 6 + -3 - (715 - 682)
13
What is the value of 2 + 77 - (16 + (-16 - (-22 - -33)))?
90
Evaluate 19 + -7 + -8 - ((-8 - -4) + 9).
-1
What is the value of 35 + 3 + (3 - 100) - -19?
-40
What is -49 - (-114 + 41) - 24?
0
What is the value of 6 + (-6 - -2) - (12 + -52)?
42
What is the value of -14 + -8 + -11 + -4 + 7?
-30
Calculate 2 + 54 + (-197 - -212) + 18 + -4.
85
What is 54 - 29 - (-23 - (5 + -21))?
32
What is -2556 - -2534 - (0 + 39)?
-61
What is -11 + (4 - 7) + (84 - (-44 + -4))?
118
What is the value of -776 + 853 - (31 - -3)?
43
Calculate (22 - 28) + 27 + -9.
12
43 + 2 + -278 + 255 - 92
-70
What is the value of (84 - 65) + (-18 - 2) - (-4 - (9 + -9))?
3
What is 53 - (-39 + 26 + 106)?
-40
Evaluate -118 - -131 - (2 + 22 + -4).
-7
Evaluate (2 - 2 - -12) + (-46 + 72 - -2).
40
Calculate -5 + 41 - 62 - (3 + 7).
-36
Evaluate (-42 + -14 - -65 - (0 + 13)) + (-3 - 55).
-62
Calculate 44 + 733 + -887 + (0 - -47).
-63
(-10 - 1) + 30 + -27 - (-5 - -1) - 33
-37
(-23 - 1) + 15 + 20 + -23 + 83
71
What is 14 + -8 + (12 - -1 - 9) - (62 - -7)?
-59
What is 6 + -6 - (-62 + 67)?
-5
What is 1050 + -1039 + -1 + -3 + (2 - 10)?
-1
What is 11 - -1 - (2169 - 2186)?
29
Calculate 27 + (-6 - 12) - (-3 + 2 + 37 + 2).
-29
What is 197 - 262 - (6 + -118)?
47
Calculate 31 + (0 - (10 + 0 - 6)) - (49 - 56).
34
47 + 25 + 3 + -47
28
Calculate -1 - (20 - -1) - (-12113 - -12149).
-58
What is the value of -13012 + 12872 + (184 - 0)?
44
Evaluate 16 + (81 - 100 - -27 - (28 - 2)).
-2
What is -5 - (10 + 33 + -26 + -70)?
48
What is -1 + -36 - ((-23 - (-23 + 1 + 18)) + 23)?
-41
-40 - (-88 + 115) - -181
114
What is the value of -66 + (61 - 43) + 44?
-4
Evaluate (59 + 42 - 133) + -49.
-81
What is -2 - (0 + (1 - 3) + (24 - (76 - 19)))?
33
Calculate 98 + -11 + 11 - (0 + -2) - (154 + -151).
97
What is the value of -98 - ((-22 - -107) + -74)?
-109
Calculate 72 + (64 - 102) - -36.
70
What is the value of -1 + (19 - 21 - (2 - -3) - -1) - -35?
28
What is the value of (100 - (5 + 96)) + -34?
-35
What is 34 - (5 - ((1 - 2) + (-23 - 6) + 23))?
22
What is 23 - (-18 - (-41 + 6))?
6
What is the value of -148 - -38 - -114 - -115?
119
Calculate (-526 - -550) + (-1 - (-1 + 35)).
-11
-1 + -10 + (7 + 1 - 17) - (-5 + 6)
-21
What is 12 - -35 - (-160 + 237)?
-30
Calculate -63 - -29 - (-7 + 5 + 8).
-40
What is (24 - (-5 - (-3 - 43))) + 0 + -92?
-109
Calculate (0 - 4) + -13 + (0 - -26) - (-2 - -112).
-101
What is the value of (9 - 1 - (-344 - -357) - -20) + 86?
101
Evaluate -17 - (1 - 44 - -53).
-27
Evaluate 288 + -320 + (0 - 1 - -27) - (-107 + 0).
101
What is the value of 4 - (-108 + 93 - -38 - (0 + 1 - 0))?
-18
Calculate -11 + -5 + (7 + (-17 - -9) - 0).
-17
Calculate -43 + (44 - 95) - -38.
-56
What is the value of (2 - -9) + 1 + (61 - 65)?
8
Evaluate -39 + 13 + -10 - (23 + -16).
-43
-4 + -63 - (0 - 4 - (-6 + 37 + -27))
-59
Calculate 31 + (-47 - (31 + -36)).
-11
Evaluate (-23 - 2) + (1879 - 1841).
13
Evaluate (2 - -15) + (703 - 710) - 119.
-109
What is the value of 11 + -19 - (-14 - (-106 - -1))?
-99
(35 - 47 - (-1 - 8)) + 20 - 45
-28
(3 - (4 + -1 + -64)) + (-1140 - -1126)
50
What is (-28 - -6 - -9 - -11) + (0 - -13)?
11
Evaluate -78 - -114 - (8 + 7) - (10 + 0).
11
Calculate 4 + -4 - (0 - 9 - (1633 - 1697)).
-55
What is the value of -13 + 1 + -1 + (106 + -23 - 41)?
29
What is (-36 - -43 - -87) + 2 + -14 + -9?
73
Evaluate -1 + -19 + 15 + -2 - (36 - 10).
-33
Calculate -2 - -4 - (0 - -5) - ((-176 - -118) + 52).
3
73 - (78 + 29 + -67)
33
Calculate (-34 - ((-16 - 30) + 33)) + 64.
43
What is (15 - -25) + 18 + -80?
-22
-22 + (-20 - (2 + 9 + -20 + 3))
-36
Evaluate (-9 - (-16 - 21)) + (5 - (6 - -6)).
21
What is the value of (-83 - (-13 - 47)) + 2 + -1?
-22
What is (0 - (16 - 0)) + (9 + 1 - 24)?
-30
What is the value of 71 + 68 + -96 + 25 + 17?
85
What is (-12 - (16 - 6) - -13) + (-9 - -6)?
-12
Evaluate 107 - -16 - (-52 + -41 + 99).
117
Calculate 57 + -22 + -45 + 21.
11
(1 - (116 - -3)) + -29 + (-48 - -91)
-104
-7 + (-2 - -5) + (34 + -3 - (-295 - -390))
-68
39 - 34 - ((-1 - 0) + 4 - (80 + -41))
41
Calculate 104 + -3 + 3 + -2 + 235 + -229.
108
Evaluate -3 + (-264 - -260 - (2 + 1)).
-10
Evaluate (-4 + -1 + (-5 - -6) - 10) + -31 + 99.
54
What is the value of (-2 - 0) + 1 - (-19 + 26) - (34 - 99)?
57
What is 92 + -4 - (43 - (33 + -23))?
55
0 + 41 + -7 + 7 + (4 - 9) - 5
31
What is the value of -171 + 259 + -41 - (4 + -2 + 0)?
45
What is -1 + -5 - (43 + (-1 - (24 - -10)))?
-14
Calculate -25 + 20 + -20 + 25 + -23.
-23
(-170 - 0) + -236 + 329 + -50
-127
What is -39 + -2 + 4011 + -3944?
26
Calculate 63 - (-22 + 14) - -20 - 18.
73
What is the value of 9 + 38 + -71 - -27?
3
What is the value of (4 - 45) + (-10 + (11 - 10) + -3 - -16)?
-37
What is the value of -32 - (-18 + 17 + -16)?
-15
(2 - 36) + 13 + -95 + 33
-83
286 + -149 + 7 + (-3 - (19 + -1))
123
30 + (-27 - -22) - (-6 + 20)
11
Evaluate -23 + (-33 - -71) - (0 + 3).
12
What is the value of 3 + -15 - ((-17 + 30 - 22) + 16)?
-19
What is the value of 22 + (16 + 0 + -13 - (14 - (2 - -2)))?
15
What is -11 + -1 - (-213 + 166 + (14 - 3))?
24
What is the value of 127 - 26 - (-381 + 469)?
13
Evaluate 44 - (12 + 1 - (-36 - -39)).
34
What is the value of (165 - 83) + -57 - (0 - (-1 - 1))?
23
Calculate 5 + -20 + (15 - -9) + -21.
-12
Evaluate -34 - (13 - 11) - ((4 - 9) + -2).
-29
Calculate 98 - ((66 - -38) + 1).
-7
Evaluate 34 + -9 - (42 + -19) - (-2 - 0 - -25).
-21
What is the value of (-27 - (13 + -55)) + -35 + (-7 - -26)?
-1
-5 - (85 + 58 + -102)
-46
Evaluate (7 - 10) + -7 - -8 - (210 + -199).
-13
What is the value of -9 + 18 + -4 + -9 + 7 - (-2 + -24)?
29
Evaluate (-4 - -5 - 0) + (2 - (26 - 20)) + 38.
35
-84 - -40 - 10 